 240 and j?
15
Let g(k) = -k**3 - 5*k**2 + 8*k + 10. Let d be g(-7). Suppose -4956 - 13356 = -1526*z. Calculate the greatest common divisor of d and z.
4
Let d = 171 + 72. Suppose 171 = -8*w + d. Suppose 2*r = -k + 57, -5*r = -3*r - 3*k - 45. What is the highest common divisor of r and w?
9
Let s(p) = 21*p**3 + 6*p + 4. Let m be s(4). Calculate the highest common factor of m and 147.
49
Let u(o) = -3*o + 12. Let v be u(-15). Let d(p) = 2*p**2 - 2*p + 54. Let q be d(6). Calculate the highest common factor of v and q.
57
Let u(i) = -i + 39. Let g be u(-13). Suppose 2*y - 15 = 37. Let q = y + 52. What is the highest common factor of q and g?
26
Let t be 0 + -4 - (2 - (-273 + 0)). Let n = -26 - t. Let i be (2*-33)/(-3) + 1. Calculate the greatest common divisor of n and i.
23
Let n be 1/(-1*6/(-24)) - -534. Suppose 0 = -19*v - 139 + n. What is the greatest common divisor of 3 and v?
3
Let g = -6003 - -6298. Calculate the greatest common factor of 20 and g.
5
Let q(a) = -3*a - 20. Suppose -2*p - 34 = -2*g, -3*g + 4 - 37 = 4*p. Let r be q(p). What is the highest common factor of 288 and r?
16
Let w(d) = 2*d + 57. Let m(t) = t**2 + 5*t - 3. Let y be m(3). Let k be w(y). Calculate the highest common divisor of 11 and k.
11
Let v be 399/(-3)*(-1)/(-1). Let l = -124 - v. Calculate the highest common factor of l and 63.
9
Let m = 22 - 22. Let f = 6 + m. Suppose f*k = 9*k - 87. Calculate the highest common factor of 261 and k.
29
Let d(q) = q**3 - 35*q**2 + 13*q - 322. Let z be d(35). What is the highest common divisor of z and 9880?
19
Let r = 292 - 75. Let c = -193 + r. What is the highest common factor of c and 28?
4
Suppose 5*i = 4*i + 2039. Let k = i - 2037. Suppose 4*j = -r + 3, 2*j + j + 2*r + 4 = 0. Calculate the highest common divisor of j and k.
2
Suppose 531 = 14*s - 1037. Let v be (-36)/(-27) + (s/6 - 0). Calculate the highest common divisor of 50 and v.
10
Let j be (3620/(-160))/(2/(-16)). What is the highest common divisor of 543 and j?
181
Suppose 3*s - 296 = -2*q, 5*q - 24*s + 26*s - 762 = 0. Calculate the highest common factor of 266 and q.
14
Let y(r) = r**2 - 22*r. Let v be y(22). Suppose v = 2*k - q - 36, -12*q = 2*k - 7*q - 12. Calculate the highest common divisor of k and 536.
8
Let s(j) = -j**2 - 27*j - 179. Let q be s(-13). Let v(t) = 46*t - 120. Let r be v(q). What is the greatest common divisor of 405 and r?
9
Let f = 15 + -14. Suppose f = 3*s + 13. Let v be s/(-6) + (-14688)/(-81). What is the highest common factor of 13 and v?
13
Let m be (((-1)/(-1))/(-4))/(11/(-308)). Let l(q) = -2*q**3 + 13*q**2 + 10*q + 3. Let p be l(m). What is the greatest common divisor of p and 384?
24
Let q(o) = -11*o**2 + 90*o + 233. Let d be q(9). What is the highest common factor of d and 232?
8
Let s = -5723 + 5783. Calculate the greatest common divisor of s and 6180.
60
Let c = -689 - -1079. Suppose -4*x + 314 = -c. What is the greatest common factor of 66 and x?
22
Let a be 402/(-14) + (-34)/119. Let z = a - -49. Let l = z - 2. What is the greatest common divisor of 162 and l?
18
Let s(z) = -z**3 - 12*z**2 + 33*z + 67. Let p be s(-14). Let f be (p*(-3)/(-54))/(3/(-198)). What is the greatest common divisor of 2 and f?
1
Let q(d) = 140*d**2 - 542*d - 59. Let m be q(4). Let j = -195 + 338. Calculate the highest common divisor of m and j.
13
Let f = 385 + -181. Suppose 1464 - f = 9*n. Calculate the greatest common factor of n and 28.
28
Suppose -5*t + 27624 = -4*n + 1244, 2*t + n = 10565. What is the greatest common factor of t and 176?
176
Let y be (-78)/(-65)*(-1 + 6). Let q(o) be the first derivative of -o**2 + 22*o - 6. Let k be q(y). Calculate the highest common factor of k and 70.
10
Let t = 1628 - 991. Suppose -4*y = -4*v + 46 + 6, 26 = 2*v + 5*y. What is the highest common divisor of t and v?
13
Suppose -5*x = -3*x - 596. Suppose 0 = 6*d - x - 80. What is the greatest common factor of d and 819?
63
Suppose 4*j - 4*a = 132, 4*a - 30 = 2*j - 104. Let u be -201*(6 + -6 + 5 + -3). Let r = 721 + u. What is the highest common factor of j and r?
29
Let q(b) = 3*b**3 + 34*b**2 + 12*b + 31. Let o be q(-11). Calculate the greatest common divisor of 50 and o.
10
Suppose -44 = -2*p + q + 4*q, 0 = -4*q. Let h be -6*29*16/(-12) - 5. Suppose 8*z - 2163 = -h. What is the highest common factor of p and z?
22
Let a = 99 + -90. Suppose -2*h - 8 = -4*i - 4, -3*h + i = -a. Suppose -h*f + f + 24 = 0. What is the greatest common factor of f and 8?
8
Let y be (5/(45/6))/(7/29736). Calculate the highest common factor of 72 and y.
24
Suppose 0 = j + 4, r + 32*j - 147 = 27*j. What is the greatest common factor of 2004 and r?
167
Suppose -3*t = 24, 14*k - 13*k = t + 3*t + 50. Suppose j + j - 278 = -2*v, 2*j + 10 = 0. What is the greatest common divisor of v and k?
18
Let h be 135/(-54) + (-18)/(-4). Suppose 1 - 15 = -h*p. What is the highest common divisor of 2 and p?
1
Suppose -2 = 3*w - 17. Suppose 977 = 5*v - s, -3*v - w*s + 252 = -323. Calculate the highest common factor of 15 and v.
15
Let v be 48/7*(-42)/(-4). Suppose b = -2*y + 3, -3*b + 9 = 27*y - 24*y. Suppose -25*x + 99 + 126 = y. What is the greatest common factor of x and v?
9
Let a(o) = 903*o - 4102. Let s be a(16). Calculate the highest common divisor of 14 and s.
14
Let h = 3422 + -2862. What is the greatest common divisor of 210 and h?
70
Suppose 2*a + 4*r = -242, 2*a + 207 = -13*r + 16*r. Let c be -270 - 1 - (1 - 1). Let v = a - c. What is the highest common divisor of v and 64?
32
Let b be -1*(1 - 16)/5 - 42/(-2). Suppose 0 = -0*o - 2*o + 68. Let s = 58 - o. What is the highest common factor of s and b?
24
Let z(m) = m + 195. Suppose -4*d - 8 = -b - 8*d, 8 = -3*b + 4*d. Let h be z(b). What is the greatest common factor of h and 26?
13
Let o(v) = 9*v**2 + 3*v - 9. Let p be o(2). Suppose 0 = 2*a + a. Suppose 2*q - 14 = -l + 73, a = 2*q + 2*l - 86. Calculate the highest common factor of q and p.
11
Suppose 33*x = 3*w + 37*x - 37588, 4*w + x - 50113 = 0. Calculate the highest common divisor of 576 and w.
144
Suppose -22*g + 16*g + 2340 = 0. Let a be 790/6 + (-36)/54. Suppose 4*n + 5*j - a = 0, 4*n - 2*n + 4*j - 58 = 0. Calculate the highest common factor of n and g.
39
Let b(q) = 109*q - 52. Let f = 627 - 621. Let r be b(f). What is the highest common factor of 14 and r?
14
Suppose -101*m - 99225 = -128*m. What is the greatest common divisor of m and 588?
147
Suppose 3*q - 69 = 2*z, 2*q - 5*z - 220 = -163. Suppose -3*k - 175 = -8*k. What is the greatest common divisor of k and q?
7
Suppose 3*l + 3*y = 8*l - 412, -4*y - 416 = -5*l. Suppose -6*c = -62 + 2. What is the highest common factor of l and c?
10
Suppose -i + 44 = 3*i. Let s be 5/(-6)*39/130*(-7 - -3). Calculate the highest common factor of s and i.
1
Let l = -5692 + 5776. Calculate the highest common divisor of 1708 and l.
28
Let x(g) = 4*g + 25. Let k be x(16). Let i(v) = 2*v**3 - 5*v**2 + 3*v + 1. Let a be i(4). Suppose -3*c + k = -a. What is the highest common divisor of 20 and c?
10
Let n be (4/6)/(4/192). Let v = n - 10. Let w be 0 + 62 + (-143 + 141)/(4/14). Calculate the greatest common divisor of w and v.
11
Let r be (3*((-3236)/(-174) + 32/464))/2. Suppose -4*m - 36 + 232 = -2*z, 2*m + 3*z - 98 = 0. What is the greatest common factor of m and r?
7
Let m be (52590/(-21))/(-9 - 1159/(-133)). What is the highest common factor of m and 5?
5
Let u(k) be the second derivative of k**5/20 - 15*k**4/4 - 29*k**3/2 - 39*k**2/2 - 15*k - 4. Let c be u(47). Calculate the highest common divisor of c and 10.
10
Suppose 0 = 26*l - 22*l - 3*y - 336, 3*y - 12 = 0. What is the highest common factor of l and 377?
29
Suppose 4*f + 5*w - 1101 = 2*f, -3*f - 5*w = -1639. Suppose -113 = -a - 5*j, -4*a + 2*j + f = a. Calculate the greatest common factor of a and 432.
108
Let n be ((-135)/6)/((-2)/(-201 + -3)). Let m be (n/6)/(-5)*-2 + 0. Let f = -133 - m. What is the highest common factor of f and 8?
4
Let x(b) = -b**3 - 2*b + 246. Let h be x(0). Calculate the highest common factor of h and 132.
6
Let o(u) be the third derivative of -u**4/12 + 25*u**3/6 - 14*u**2. Let i be o(10). Calculate the highest common factor of i and 85.
5
Let v(x) = 2*x**3 - 3*x**2 - 2*x. Let a be v(2). Suppose a = -5*y + 116 + 4. Suppose -2*l - 240 = -6*l. What is the greatest common f